
3, 1579
List the prime factors of 1159.
19, 61
List the prime factors of 3249.
3, 19
What are the prime factors of 657?
3, 73
What are the prime factors of 19689?
3, 6563
List the prime factors of 21600.
2, 3, 5
What are the prime factors of 65588?
2, 19, 863
What are the prime factors of 991?
991
What are the prime factors of 142?
2, 71
What are the prime factors of 13262?
2, 19, 349
List the prime factors of 17783.
17783
What are the prime factors of 2084?
2, 521
What are the prime factors of 26839?
26839
List the prime factors of 3702.
2, 3, 617
List the prime factors of 67198.
2, 33599
What are the prime factors of 848?
2, 53
What are the prime factors of 7366?
2, 29, 127
What are the prime factors of 4012?
2, 17, 59
What are the prime factors of 12463?
11, 103
What are the prime factors of 12550?
2, 5, 251
What are the prime factors of 54815?
5, 19, 577
List the prime factors of 9517.
31, 307
What are the prime factors of 2756?
2, 13, 53
List the prime factors of 616.
2, 7, 11
What are the prime factors of 170097?
3, 31, 59
What are the prime factors of 1803?
3, 601
List the prime factors of 39546.
2, 3, 13
What are the prime factors of 1158?
2, 3, 193
List the prime factors of 78590.
2, 5, 29, 271
List the prime factors of 750.
2, 3, 5
What are the prime factors of 4239?
3, 157
What are the prime factors of 3983?
7, 569
List the prime factors of 91764.
2, 3, 2549
What are the prime factors of 24416?
2, 7, 109
What are the prime factors of 35165?
5, 13, 541
What are the prime factors of 60819?
3, 11, 19, 97
List the prime factors of 28353.
3, 13, 727
What are the prime factors of 9051?
3, 7, 431
What are the prime factors of 91021?
7, 13003
What are the prime factors of 1448?
2, 181
List the prime factors of 686.
2, 7
List the prime factors of 122389.
122389
What are the prime factors of 7861?
7, 1123
What are the prime factors of 523?
523
What are the prime factors of 670?
2, 5, 67
What are the prime factors of 2505?
3, 5, 167
List the prime factors of 10933.
13, 29
What are the prime factors of 71136?
2, 3, 13, 19
List the prime factors of 37.
37
What are the prime factors of 3052?
2, 7, 109
What are the prime factors of 257?
257
What are the prime factors of 61490?
2, 5, 11, 13, 43
What are the prime factors of 1295?
5, 7, 37
What are the prime factors of 380?
2, 5, 19
List the prime factors of 68013.
3, 11, 229
What are the prime factors of 5897?
5897
What are the prime factors of 118?
2, 59
What are the prime factors of 1382?
2, 691
List the prime factors of 8537.
8537
What are the prime factors of 670?
2, 5, 67
List the prime factors of 91950.
2, 3, 5, 613
What are the prime factors of 118?
2, 59
List the prime factors of 9739.
9739
List the prime factors of 4563.
3, 13
What are the prime factors of 5597?
29, 193
What are the prime factors of 43913?
43913
List the prime factors of 1152.
2, 3
What are the prime factors of 8420?
2, 5, 421
What are the prime factors of 2448?
2, 3, 17
List the prime factors of 44352.
2, 3, 7, 11
List the prime factors of 549.
3, 61
What are the prime factors of 124?
2, 31
List the prime factors of 30215.
5, 6043
List the prime factors of 29743.
7, 607
What are the prime factors of 807?
3, 269
List the prime factors of 2690.
2, 5, 269
What are the prime factors of 68420?
2, 5, 11, 311
What are the prime factors of 1214?
2, 607
List the prime factors of 14954.
2, 7477
What are the prime factors of 42551?
17, 2503
List the prime factors of 3605.
5, 7, 103
List the prime factors of 3408.
2, 3, 71
List the prime factors of 33756.
2, 3, 29, 97
What are the prime factors of 808?
2, 101
List the prime factors of 69749.
19, 3671
What are the prime factors of 243?
3
List the prime factors of 18662.
2, 7, 31, 43
What are the prime factors of 42061?
42061
What are the prime factors of 2622?
2, 3, 19, 23
What are the prime factors of 21998?
2, 17, 647
What are the prime factors of 38264?
2, 4783
List the prime factors of 687.
3, 229
List the prime factors of 13753.
17, 809
List the prime factors of 48916.
2, 7, 1747
What are the prime factors of 11376?
2, 3, 79
List the prime factors of 16872.
2, 3, 19, 37
What are the prime factors of 2579?
2579
What are the prime factors of 3954?
2, 3, 659
What are the prime factors of 20044?
2, 5011
What are the prime factors of 2484?
2, 3, 23
What are the prime factors of 5414?
2, 2707
List the prime factors of 90299.
11, 8209
List the prime factors of 1330.
2, 5, 7, 19
List the prime factors of 29512.
2, 7, 17, 31
What are the prime factors of 18401?
18401
List the prime factors of 957.
3, 11, 29
What are the prime factors of 1084?
2, 271
What are the prime factors of 81933?
3, 31, 881
List the prime factors of 4181.
37, 113
What are the prime factors of 56407?
13, 4339
List the prime factors of 14397.
3, 4799
List the prime factors of 3764.
2, 941
What are the prime factors of 8400?
2, 3, 5, 7
List the prime factors of 890.
2, 5, 89
What are the prime factors of 39487?
7, 5641
List the prime factors of 9650.
2, 5, 193
What are the prime factors of 16632?
2, 3, 7, 11
What are the prime factors of 1605?
3, 5, 107
List the prime factors of 31305.
3, 5, 2087
What are the prime factors of 139242?
2, 3, 23, 1009
What are the prime factors of 209?
11, 19
What are the prime factors of 7408?
2, 463
What are the prime factors of 74358?
2, 3, 17
List the prime factors of 8657.
11, 787
What are the prime factors of 437?
19, 23
What are the prime factors of 27795?
3, 5, 17, 109
What are the prime factors of 6364?
2, 37, 43
What are the prime factors of 4494?
2, 3, 7, 107
List the prime factors of 40106.
2, 11, 1823
What are the prime factors of 3362?
2, 41
What are the prime factors of 2819?
2819
List the prime factors of 103450.
2, 5, 2069
What are the prime factors of 25421?
11, 2311
List the prime factors of 772.
2, 193
What are the prime factors of 2509?
13, 193
What are the prime factors of 5323?
5323
List the prime factors of 66.
2, 3, 11
What are the prime factors of 19079?
19079
What are the prime factors of 4449?
3, 1483
List the prime factors of 1926.
2, 3, 107
List the prime factors of 28384.
2, 887
What are the prime factors of 118793?
211, 563
What are the prime factors of 1901?
1901
List the prime factors of 14334.
2, 3, 2389
What are the prime factors of 5899?
17, 347
List the prime factors of 17346.
2, 3, 7, 59
What are the prime factors of 6957?
3, 773
List the prime factors of 589.
19, 31
List the prime factors of 2671.
2671
List the prime factors of 1408.
2, 11
List the prime factors of 6482.
2, 7, 463
List the prime factors of 94989.
3, 31663
What are the prime factors of 81?
3
List the prime factors of 77420.
2, 5, 7, 79
List the prime factors of 9635.
5, 41, 47
What are the prime factors of 1493?
1493
What are the prime factors of 38771?
137, 283
List the prime factors of 17336.
2, 11, 197
What are the prime factors of 611?
13, 47
List the prime factors of 125789.
125789
List the prime factors of 12813.
3, 4271
What are the prime factors of 4217?
4217
List the prime factors of 3333.
3, 11, 101
List the prime factors of 163605.
3, 5, 13, 839
What are the prime factors of 119195?
5, 31, 769
What are the prime factors of 181?
181
What are the prime factors of 24157?
7, 17, 29
List the prime factors of 53264.
2, 3329
List the prime factors of 78.
2, 3, 13
List the prime factors of 17566.
2, 8783
What are the prime factors of 3900?
2, 3, 5, 13
List the prime factors of 298.
2, 149
What are the prime factors of 18733?
11, 13, 131
What are the prime factors of 7900?
2, 5, 79
List the prime factors of 21681.
3, 11, 73
What are the prime factors of 4994?
2, 11, 227
List the prime factors of 7335.
3, 5, 163
What are the prime factors of 4515?
3, 5, 7, 43
What are the prime factors of 10924?
2, 2731
What are the prime factors of 9574?
2, 4787
List the prime factors of 28614.
2, 3, 19, 251
List the prime factors of 3366.
2, 3, 11, 17
List the prime factors of 1291.
1291
What are the prime factors of 6361?
6361
List the prime factors of 136088.
2, 17011
List the prime factors of 2369.
23, 103
What are the prime factors of 1591?
37, 43
What are the prime factors of 7778?
2, 3889
List the prime factors of 22932.
2, 3, 7, 13
What are the prime factors of 21749?
7, 13, 239
List 